136?
False
Does 211 divide 1899?
True
Is 24 a factor of 3312?
True
Does 3 divide 2013?
True
Does 31 divide 2666?
True
Is 104 a multiple of 13?
True
Does 9 divide 236?
False
Is 34 a multiple of 17?
True
Is 364 a multiple of 14?
True
Does 2 divide 269?
False
Is 11 a factor of 3280?
False
Is 79 a factor of 5305?
False
Does 32 divide 766?
False
Is 6200 a multiple of 62?
True
Does 20 divide 510?
False
Is 9297 a multiple of 9?
True
Does 23 divide 345?
True
Does 34 divide 121867?
False
Is 14 a factor of 14?
True
Is 38 a factor of 2796?
False
Does 16 divide 832?
True
Does 242 divide 18876?
True
Is 32 a factor of 20501?
False
Does 61 divide 1017?
False
Is 58 a factor of 24418?
True
Does 48 divide 176?
False
Is 55 a factor of 33440?
True
Does 57 divide 11400?
True
Does 37 divide 20202?
True
Is 7823 a multiple of 106?
False
Is 643 a multiple of 4?
False
Is 813 a multiple of 3?
True
Is 126 a multiple of 63?
True
Is 3 a factor of 176?
False
Is 83 a factor of 6557?
True
Does 6 divide 5133?
False
Is 21 a factor of 1198?
False
Is 21328 a multiple of 78?
False
Does 20 divide 7510?
False
Is 27 a factor of 5540?
False
Is 512 a multiple of 8?
True
Does 36 divide 17403?
False
Does 98 divide 14543?
False
Is 139 a factor of 7367?
True
Is 19223 a multiple of 104?
False
Does 4 divide 642?
False
Is 50 a factor of 72920?
False
Is 1371 a multiple of 15?
False
Does 6 divide 35109?
False
Is 24 a factor of 8639?
False
Does 18 divide 2880?
True
Is 7600 a multiple of 10?
True
Does 20 divide 3199?
False
Is 1562 a multiple of 22?
True
Is 350 a multiple of 35?
True
Is 8208 a multiple of 8?
True
Is 2 a factor of 51?
False
Does 14 divide 13072?
False
Is 182 a multiple of 2?
True
Does 32 divide 3555?
False
Is 7344 a multiple of 11?
False
Is 1581 a multiple of 31?
True
Does 11 divide 22785?
False
Is 32 a factor of 11072?
True
Is 15 a factor of 3732?
False
Does 142 divide 8378?
True
Does 32 divide 15919?
False
Is 22 a factor of 64?
False
Is 120 a factor of 3480?
True
Is 28 a factor of 532?
True
Is 1128 a multiple of 47?
True
Is 28 a factor of 6580?
True
Is 2422 a multiple of 14?
True
Does 22 divide 110?
True
Is 12646 a multiple of 44?
False
Does 2 divide 146?
True
Is 22 a factor of 220?
True
Is 32615 a multiple of 55?
True
Does 34 divide 612?
True
Is 98135 a multiple of 112?
False
Is 4565 a multiple of 11?
True
Is 22 a factor of 1649?
False
Is 60 a factor of 9743?
False
Does 22 divide 24464?
True
Does 14 divide 505?
False
Does 159 divide 18444?
True
Does 215 divide 19600?
False
Does 18 divide 8593?
False
Is 386 a factor of 74158?
False
Is 89 a factor of 2228?
False
Is 98 a factor of 65275?
False
Is 751 a multiple of 2?
False
Is 2040 a multiple of 136?
True
Is 15050 a multiple of 86?
True
Is 14825 a multiple of 25?
True
Is 7 a factor of 18132?
False
Is 37815 a multiple of 263?
False
Is 67 a factor of 1407?
True
Is 27808 a multiple of 22?
True
Is 891 a multiple of 81?
True
Is 17891 a multiple of 139?
False
Is 38 a factor of 114?
True
Does 33 divide 9570?
True
Is 59 a factor of 2646?
False
Is 2736 a multiple of 18?
True
Is 201 a factor of 9849?
True
Does 9 divide 837?
True
Is 1179 a multiple of 4?
False
Is 26 a multiple of 2?
True
Does 8 divide 11300?
False
Does 13 divide 3107?
True
Does 4 divide 1352?
True
Does 15 divide 14044?
False
Does 70 divide 186?
False
Is 5 a factor of 229?
False
Is 82 a factor of 4871?
False
Does 29 divide 1163?
False
Does 10 divide 945?
False
Does 11 divide 1554?
False
Is 9800 a multiple of 23?
False
Is 3 a factor of 19504?
False
Does 6 divide 204?
True
Is 6850 a multiple of 10?
True
Is 7 a factor of 73?
False
Is 4 a factor of 205?
False
Is 6 a factor of 6605?
False
Is 60522 a multiple of 6?
True
Does 16 divide 224?
True
Is 17 a factor of 29937?
True
Is 108 a factor of 5724?
True
Is 156624 a multiple of 24?
True
Is 483 a multiple of 7?
True
Is 64 a factor of 1280?
True
Is 28756 a multiple of 14?
True
Is 69 a factor of 1966?
False
Is 19 a factor of 14348?
False
Does 46 divide 1791?
False
Is 2057 a multiple of 37?
False
Is 376 a multiple of 6?
False
Does 17 divide 2322?
False
Is 1660 a multiple of 83?
True
Is 4 a factor of 730?
False
Is 10 a factor of 3940?
True
Is 13908 a multiple of 114?
True
Does 3 divide 339?
True
Does 7 divide 348?
False
Does 32 divide 73312?
True
Is 32 a factor of 9809?
False
Is 4095 a multiple of 117?
True
Is 202 a multiple of 15?
False
Does 431 divide 117587?
False
Is 52 a factor of 520?
True
Does 55 divide 5436?
False
Is 49 a factor of 1421?
True
Is 28 a factor of 840?
True
Is 7 a factor of 1127?
True
Is 28472 a multiple of 141?
False
Is 177 a factor of 11859?
True
Is 186 a multiple of 6?
True
Is 11 a factor of 132?
True
Does 112 divide 3033?
False
Does 34 divide 1698?
False
Is 29673 a multiple of 24?
False
Is 24 a factor of 960?
True
Is 25 a factor of 652?
False
Does 72 divide 3096?
True
Is 14 a factor of 924?
True
Is 27 a factor of 243?
True
Does 14 divide 328?
False
Is 9249 a multiple of 26?
False
Does 19 divide 598?
False
Does 33 divide 462?
True
Is 22805 a multiple of 11?
False
Does 2 divide 359?
False
Is 54 a factor of 906?
False
Is 748 a multiple of 113?
False
Is 23848 a multiple of 8?
True
Does 23 divide 269?
False
Does 4 divide 1294?
False
Does 6 divide 455?
False
Does 28 divide 516?
False
Is 4 a factor of 42?
False
Does 12 divide 45?
False
Is 885 a multiple of 15?
True
Is 174 a multiple of 9?
False
Is 136 a factor of 2584?
True
Is 3674 a multiple of 10?
False
Does 107 divide 20321?
False
Does 8 divide 4625?
False
Is 106560 a multiple of 20?
True
Does 24 divide 960?
True
Does 14 divide 947?
False
Is 4 a factor of 1928?
True
Does 30 divide 295?
False
Does 115 divide 8791?
False
Is 25451 a multiple of 31?
True
Is 994 a multiple of 71?
True
Is 10 a factor of 9703?
False
Does 3 divide 1049?
False
Is 1760 a multiple of 62?
False
Does 12 divide 1266?
False
Does 42 divide 546?
True
Is 7308 a multiple of 21?
True
Is 9957 a multiple of 3?
True
Does 3 divide 33?
True
Is 2240 a multiple of 112?
True
Does 9 divide 14778?
True
Is 20497 a multiple of 70?
False
Is 73 a factor of 1246?
False
Is 31 a factor of 186?
True
Does 156 divide 3615?
False
Is 1595 a multiple of 11?
True
Does 24 divide 264?
True
Is 8107 a multiple of 20?
False
Does 100 divide 917?
False
Does 8 divide 10528?
True
Is 22008 a multiple of 3?
True
Does 4 divide 80?
True
Is 513 a multiple of 3?
True
Does 172 divide 22532?
True
Is 26 a factor of 247?
False
Does 33 divide 91966?
False
Is 72 a multiple of 11?
False
Does 9 divide 9?
True
Is 71 a factor of 781?
True
Is 94 a factor of 23926?
False
Is 25 a factor of 315?
False
Is 1809 a multiple of 67?
True
Is 439 even?
False
Does 9 divide 648?
True
Is 20 a factor of 100?
True
Is 20 a factor of 26004?
False
Is 19 a factor of 1292?
True
Is 65 a factor of 13455?
True
Does 91 divide 3938?
False
Is 94544 a multiple of 19?
True
Does 7 divide 174?
False
Is 161 a factor of 28224?
False
Is 28 a factor of 1764?
True
Does 26 divide 300?
False
Does 7 divide 5460?
True
Is 3108 a multiple of 8?
False
Is 14 a factor of 31751?
False
Is 7191 a multiple of 51?
True
Does 56 divide 410?
False
Is 15 a factor of 1845?
True
Is 2852 a multiple of 105?
False
Is 2 a factor of 937?
False
Does 24 divide 10248?
True
Does 61 divide 906?
False
Is 7320 a multiple of 61?
True
Is 3621 a multiple of 7?
False
Is 4590 a multiple of 9?
True
Does 14 divide 210?
True
Is 41 a factor of 3362?
True
Is 243 a multiple of 9?
True
Is 9167 a multiple of 18?
False
Is 11813 a multiple of 21?
False
Is 18073 a multiple of 53?
True
Is 9 a factor of 68316?
False
Does 89 divide 1869?
True
Is 487 a multiple of 8?
False
Is 18 a factor of 2786?
False
Does 69 divide 125?
False
Is 7 a factor of 84?
True
Is 21147 a multiple of 183?
False
Is 72 a factor of 2160?
True
Does 30 divide 180?
True
Does 83 divide 535?
False
Is 25039 a multiple of 17?
False
Is 55 a factor of 4425?
False
Is 1298 a multiple of 22?
True
Is 585 a multiple of 23?
False
Is 9 a factor of 459?
True
Does 34 divide 680?
True
Does 137 divide 37780?
False
Is 581 a multiple of 14?
False
Is 2150 a multiple of 50?
True
Does 44 divide 23452?
True
Is 13076 a multiple of 6?
False
Is 6 a factor of 4914?
True
Is 241 a multiple of 2?
False
Does 25 divide 559?
False
Does 18 divide 684?
True
Does 2 divide 130?
True
Is 44 a factor of 74